{"id":2610,"date":"2025-09-09T11:15:26","date_gmt":"2025-09-09T09:15:26","guid":{"rendered":"https:\/\/www.wirelessmundi.com\/?page_id=2610"},"modified":"2025-09-09T11:38:38","modified_gmt":"2025-09-09T09:38:38","slug":"elementor-pagina-2610","status":"publish","type":"page","link":"https:\/\/www.wirelessmundi.es\/?page_id=2610","title":{"rendered":"evento_malaga"},"content":{"rendered":"\t\t<div data-elementor-type=\"wp-page\" data-elementor-id=\"2610\" class=\"elementor elementor-2610\">\n\t\t\t\t\t\t<section class=\"elementor-section elementor-top-section elementor-element elementor-element-78bda70 elementor-section-boxed elementor-section-height-default elementor-section-height-default\" data-id=\"78bda70\" data-element_type=\"section\" data-settings=\"{&quot;background_background&quot;:&quot;classic&quot;}\">\n\t\t\t\t\t\t<div class=\"elementor-container elementor-column-gap-default\">\n\t\t\t\t\t<div class=\"elementor-column elementor-col-100 elementor-top-column elementor-element elementor-element-29e9cce\" data-id=\"29e9cce\" data-element_type=\"column\">\n\t\t\t<div class=\"elementor-widget-wrap elementor-element-populated\">\n\t\t\t\t\t\t<div class=\"elementor-element elementor-element-8703fba elementor-widget elementor-widget-heading\" data-id=\"8703fba\" data-element_type=\"widget\" data-widget_type=\"heading.default\">\n\t\t\t\t<div class=\"elementor-widget-container\">\n\t\t\t\t\t<h2 class=\"elementor-heading-title elementor-size-default\">Te invitamos a una jornada exclusiva en M\u00e1laga: m\u00e1s all\u00e1 de la conectividad<\/h2>\t\t\t\t<\/div>\n\t\t\t\t<\/div>\n\t\t\t\t<div class=\"elementor-element elementor-element-3f992b7 elementor-widget elementor-widget-image\" data-id=\"3f992b7\" data-element_type=\"widget\" data-widget_type=\"image.default\">\n\t\t\t\t<div class=\"elementor-widget-container\">\n\t\t\t\t\t\t\t\t\t\t\t\t\t\t\t<img fetchpriority=\"high\" decoding=\"async\" width=\"1024\" height=\"581\" src=\"https:\/\/www.wirelessmundi.com\/wp-content\/uploads\/2025\/09\/mas-alla-de-la-conectividad-1024x581.png\" class=\"attachment-large size-large wp-image-2582\" alt=\"\" srcset=\"https:\/\/www.wirelessmundi.com\/wp-content\/uploads\/2025\/09\/mas-alla-de-la-conectividad-1024x581.png 1024w, https:\/\/www.wirelessmundi.com\/wp-content\/uploads\/2025\/09\/mas-alla-de-la-conectividad-300x170.png 300w, https:\/\/www.wirelessmundi.com\/wp-content\/uploads\/2025\/09\/mas-alla-de-la-conectividad-768x436.png 768w, https:\/\/www.wirelessmundi.com\/wp-content\/uploads\/2025\/09\/mas-alla-de-la-conectividad.png 1163w\" sizes=\"(max-width: 1024px) 100vw, 1024px\" \/>\t\t\t\t\t\t\t\t\t\t\t\t\t\t\t<\/div>\n\t\t\t\t<\/div>\n\t\t\t\t<div class=\"elementor-element elementor-element-eefe557 elementor-widget elementor-widget-text-editor\" data-id=\"eefe557\" data-element_type=\"widget\" data-widget_type=\"text-editor.default\">\n\t\t\t\t<div class=\"elementor-widget-container\">\n\t\t\t\t\t\t\t\t\t<p class=\"western\" lang=\"es-ES-u-co-trad\"><span style=\"font-family: Trebuchet MS, sans-serif;\"><span lang=\"es-ES\">El pr\u00f3ximo <\/span><\/span><span style=\"font-family: Trebuchet MS, sans-serif;\"><span lang=\"es-ES\"><b>2 de octubre<\/b><\/span><\/span><span style=\"font-family: Trebuchet MS, sans-serif;\"><span lang=\"es-ES\"> te esperamos en <\/span><\/span><span style=\"color: #0563c1;\"><u><a href=\"https:\/\/www.google.com\/maps?gs_lcrp=EgZjaHJvbWUyBggAEEUYOTIICAEQABgWGB4yCggCEAAYgAQYogQyBwgDEAAY7wUyCggEEAAYgAQYogTSAQc0NTdqMGo3qAIAsAIA&amp;um=1&amp;ie=UTF-8&amp;fb=1&amp;gl=es&amp;sa=X&amp;geocode=KWvye1cX-XINMVK_2isKXMfn&amp;daddr=C.+%C3%81mbar,+7,+Churriana,+29004+M%C3%A1laga\"><span style=\"font-family: Trebuchet MS, sans-serif;\"><b>Uppery Club (M\u00e1laga)<\/b><\/span><\/a><\/u><\/span> <span style=\"font-family: Trebuchet MS, sans-serif;\"><span lang=\"es-ES\">para una jornada profesional englobada bajo el t\u00edtulo: <\/span><\/span><span style=\"font-family: Trebuchet MS, sans-serif;\"><span lang=\"es-ES\"><b>\u201c<\/b><\/span><\/span><span style=\"font-family: Trebuchet MS, sans-serif;\"><span lang=\"es-ES\"><i>M\u00e1s all\u00e1 de la conectividad: una propuesta integrada de comunicaciones, seguridad e Inteligencia Artificial<\/i><\/span><\/span><span style=\"font-family: Trebuchet MS, sans-serif;\"><span lang=\"es-ES\"><b>\u201d.<\/b><\/span><\/span><\/p><p class=\"western\" lang=\"es-ES-u-co-trad\"><span style=\"font-family: Trebuchet MS, sans-serif;\"><span lang=\"es-ES\">Cinco empresas hemos unido fuerzas junto a expertos en <\/span><\/span><span style=\"font-family: Trebuchet MS, sans-serif;\"><span lang=\"es-ES\"><b>IA y ciberseguridad<\/b><\/span><\/span><span style=\"font-family: Trebuchet MS, sans-serif;\"><span lang=\"es-ES\"> para ofrecerte una visi\u00f3n completa de la situaci\u00f3n actual y los pasos a seguir en el \u00e1mbito de las comunicaciones.<\/span><\/span><\/p><p class=\"western\" lang=\"es-ES-u-co-trad\">\ud83d\udc49 <span style=\"font-family: Trebuchet MS, sans-serif;\"><span lang=\"es-ES\">Consulta la interesante <\/span><\/span><span style=\"font-family: Trebuchet MS, sans-serif;\"><span lang=\"es-ES\"><b>agenda<\/b><\/span><\/span><span style=\"font-family: Trebuchet MS, sans-serif;\"><span lang=\"es-ES\"> que hemos dise\u00f1ado e <\/span><\/span><span style=\"font-family: Trebuchet MS, sans-serif;\"><b>inscr\u00edbete<\/b><\/span> <span style=\"color: #0563c1;\"><u><a href=\"https:\/\/www.eventbrite.es\/e\/entradas-mas-alla-de-la-conectividad-1492182109859?aff=oddtdtcreator\"><span style=\"font-family: Trebuchet MS, sans-serif;\">aqu\u00ed<\/span><\/a><\/u><\/span><span style=\"font-family: Trebuchet MS, sans-serif;\">.<\/span><\/p><p class=\"western\" lang=\"es-ES-u-co-trad\"><span style=\"font-family: Trebuchet MS, sans-serif;\"><span lang=\"es-ES\">\u00a1<\/span><\/span><span style=\"font-family: Trebuchet MS, sans-serif;\">Ser\u00e1 un placer contar contigo<\/span><span style=\"font-family: Trebuchet MS, sans-serif;\"><span lang=\"es-ES\">!<\/span><\/span><\/p>\t\t\t\t\t\t\t\t<\/div>\n\t\t\t\t<\/div>\n\t\t\t\t\t<\/div>\n\t\t<\/div>\n\t\t\t\t\t<\/div>\n\t\t<\/section>\n\t\t\t\t<\/div>\n\t\t","protected":false},"excerpt":{"rendered":"<p>Te invitamos a una jornada exclusiva en M\u00e1laga: m\u00e1s all\u00e1 de la conectividad El pr\u00f3ximo 2 de octubre te esperamos en Uppery Club (M\u00e1laga) para una jornada profesional englobada bajo el t\u00edtulo: \u201cM\u00e1s all\u00e1 de la conectividad: una propuesta integrada de comunicaciones, seguridad e Inteligencia Artificial\u201d. Cinco empresas hemos unido fuerzas junto a expertos en &hellip;<\/p>\n<p class=\"read-more\"> <a class=\"\" href=\"https:\/\/www.wirelessmundi.es\/?page_id=2610\"> <span class=\"screen-reader-text\">evento_malaga<\/span> Leer m\u00e1s &raquo;<\/a><\/p>\n","protected":false},"author":1,"featured_media":0,"parent":0,"menu_order":0,"comment_status":"closed","ping_status":"closed","template":"","meta":{"site-sidebar-layout":"no-sidebar","site-content-layout":"page-builder","ast-global-header-display":"","ast-main-header-display":"","ast-hfb-above-header-display":"","ast-hfb-below-header-display":"","ast-hfb-mobile-header-display":"","site-post-title":"disabled","ast-breadcrumbs-content":"","ast-featured-img":"disabled","footer-sml-layout":"","theme-transparent-header-meta":"","adv-header-id-meta":"","stick-header-meta":"","header-above-stick-meta":"","header-main-stick-meta":"","header-below-stick-meta":"","footnotes":""},"class_list":["post-2610","page","type-page","status-publish","hentry"],"_links":{"self":[{"href":"https:\/\/www.wirelessmundi.es\/index.php?rest_route=\/wp\/v2\/pages\/2610","targetHints":{"allow":["GET"]}}],"collection":[{"href":"https:\/\/www.wirelessmundi.es\/index.php?rest_route=\/wp\/v2\/pages"}],"about":[{"href":"https:\/\/www.wirelessmundi.es\/index.php?rest_route=\/wp\/v2\/types\/page"}],"author":[{"embeddable":true,"href":"https:\/\/www.wirelessmundi.es\/index.php?rest_route=\/wp\/v2\/users\/1"}],"replies":[{"embeddable":true,"href":"https:\/\/www.wirelessmundi.es\/index.php?rest_route=%2Fwp%2Fv2%2Fcomments&post=2610"}],"version-history":[{"count":7,"href":"https:\/\/www.wirelessmundi.es\/index.php?rest_route=\/wp\/v2\/pages\/2610\/revisions"}],"predecessor-version":[{"id":2621,"href":"https:\/\/www.wirelessmundi.es\/index.php?rest_route=\/wp\/v2\/pages\/2610\/revisions\/2621"}],"wp:attachment":[{"href":"https:\/\/www.wirelessmundi.es\/index.php?rest_route=%2Fwp%2Fv2%2Fmedia&parent=2610"}],"curies":[{"name":"wp","href":"https:\/\/api.w.org\/{rel}","templated":true}]}}